Let q be (5/10)/((-1)/4). What is z(q)?
10
Suppose 2*t - 1 = -5*u, 3*u - 2*t + 5 = 4*u. Let o = 3 + u. Let b(x) = -x**o + 2 - 3*x - 2*x - 3. Determine b(-5).
-1
Let f(b) = b - 1. Suppose 2*d - 7 = 3*k + 1, k - 16 = -2*d. Determine f(d).
6
Suppose -14 = v - 4*g, 2*g + 0 = -v + 10. Let s(k) = 2*k + 3*k + v*k - k**2 - 3. Let d = 8 + -2. Calculate s(d).
3
Suppose 3*i - 15 = 0, -5*i = -4*r + 30 - 3. Let t(c) = -c**2 + 13*c - 2. Determine t(r).
-2
Suppose 16 - 7 = k. Suppose 0 = -5*q + 1 + k. Let j(w) = -3 + 0*w - w**2 + 2*w + 0*w. Give j(q).
-3
Let g(c) be the second derivative of -7*c**5/20 - c**3/6 - c**2/2 - c. Let f(l) = -5*l**2 + 40*l - 1. Let j be f(8). Determine g(j).
7
Let s be -9*5/30*-4. Let f(c) = -4 - 5*c + 7*c**2 + 0*c**3 - 4 - c**3. Determine f(s).
-2
Let x = -1 + 2. Let i(u) be the third derivative of u**5/5 - u**4/12 + u**3/6 + 5*u**2. Determine i(x).
11
Let t(w) = -w**3 - 7*w**2 - 7*w - 4. Let p be 4/(-16)*-4 - 1. Let i = -6 - p. What is t(i)?
2
Let y(o) = -6*o. Let f(c) = -c. Suppose 25 = -4*l - 3. Let b be 2/l - (-10)/(-14). Let m(a) = b*y(a) + 4*f(a). Determine m(1).
2
Let k(d) be the first derivative of d**6/180 - d**5/120 + d**3 + 3. Let j(l) be the third derivative of k(l). Calculate j(2).
6
Let m(x) be the second derivative of -x**3/6 - 9*x**2/2 + 43*x. Determine m(-10).
1
Let k(x) = -3*x. Let l be ((-3)/(3 - 2))/((-15)/10). Give k(l).
-6
Let h(s) = 3*s**2 + 8*s - 1. Let g(d) = -9*d**2 - 23*d + 2. Let j(p) = -3*g(p) - 8*h(p). Give j(-3).
14
Let f(m) be the third derivative of m**4/24 - 5*m**3/3 + 2*m**2. Let a be (-3)/2 - (-9)/6. Calculate f(a).
-10
Let d(g) = g**2 - 6*g. Let o(b) = -b**3 - 8*b**2 - 7*b + 3. Let a be o(-7). Suppose -2*q - a = -11. Give d(q).
-8
Suppose -5*z = 5*z. Let h(b) be the second derivative of z + b - 1/2*b**2 + b**3. Calculate h(-1).
-7
Let n be 1*5/((-15)/(-12)). Suppose -s - 1 = 0, 4*b + b - n*s + 6 = 0. Let u(k) = k**2 + 3*k + 2. Calculate u(b).
0
Let a(z) = 2 + 8*z - 66*z**2 + 67*z**2 - 4*z. Give a(-3).
-1
Let c = -8 - -7. Let u(n) = -2*n**2 + 2*n + 3. Let y(m) = 5*m**2 - 5*m - 8. Let j(k) = -8*u(k) - 3*y(k). Determine j(c).
2
Let p be -26 - -15 - -1*4. Let j(f) = -f**3 - 6*f**2 + 11*f + 8. What is j(p)?
-20
Let s(x) be the first derivative of -x**2/2 - x + 5. Give s(-2).
1
Let i = 4 - 5. Let h be i/2 + (-65)/(-10). Let f(g) = g**3 - 5*g**2 - 6*g - 5. Determine f(h).
-5
Let h(n) be the second derivative of -n**4/12 + 2*n**3/3 + 3*n**2 + 31*n - 2. Determine h(7).
-15
Let v(j) be the third derivative of -j**2 + 3/20*j**5 + 0*j**4 + 0 + 0*j**3 + 0*j. What is v(-1)?
9
Let q(f) = 5*f**3 + f. Let k be q(-1). Let b be (8/k)/((-6)/9). Let d(t) be the third derivative of -t**5/60 + t**4/12 - t**3/2 + 2*t**2. Calculate d(b).
-3
Suppose -10*s + 6 = -13*s. Let y(i) be the third derivative of i**6/120 + i**5/30 + i**4/24 - i**3/6 - 2*i**2. Give y(s).
-3
Let a(q) = q + 1. Let z(h) = h + 2. Let f(s) = -6*a(s) + 5*z(s). Let v be f(0). Let p(x) = -x**3 + 4*x**2 + 2*x. Give p(v).
8
Suppose -2*w + 29 = -45. Suppose -2*d - 2*d - x - w = 0, 0 = 2*d + x + 21. Let z be (-2)/(-1) - d/(-2). Let l(j) = -2*j + 2. Give l(z).
6
Let r(v) = -23*v**2 + 6*v - 1. Let t(n) = -47*n**2 + 13*n - 2. Let p(d) = 13*r(d) - 6*t(d). What is p(-1)?
-18
Let s(p) = 15*p**2 + p - 1. Suppose 0 = 16*h - 15*h - 4. Suppose -i - 2*y + 1 = -h*y, -i = y - 1. Give s(i).
15
Suppose -43 = -5*q - 38. Let s(o) = o + 1. Calculate s(q).
2
Suppose -2*r + 3 + 1 = 0. Let x(z) = -r + 3*z + 4 - z + 1. Determine x(-3).
-3
Let q(f) = 26*f**3 - 57*f**3 + 1 + 2*f**2 + 28*f**3 + f. What is q(2)?
-13
Let a(u) be the second derivative of -1/12*u**4 + 5/6*u**3 - 3/2*u**2 + 2*u + 0. What is a(5)?
-3
Let b(f) = f - 3. Let s(y) = y + 14. Let k(v) = v + 13. Let q(u) = -3*k(u) + 2*s(u). Let g be q(-8). Calculate b(g).
-6
Let b(h) = -h**2 - 5*h + 2. Let f be b(-6). Let w = 9 + f. Let c(s) = s**3 + 2*s + 3*s + w*s**2 + s**2 + 6. Give c(-5).
6
Let u(s) = -s**2 + 5*s - 2. Let o be u(4). Suppose 2*f + o*f = -12. Let n(b) = 4*b - 6. Let g(a) = -a + 1. Let m(d) = 10*g(d) + 2*n(d). Give m(f).
4
Let x(n) = 3*n**2 + 2*n - 1. Let r be x(1). Let b(y) = -4*y**2 + 3*y**2 - 5 - r*y + 2*y**2. Suppose -33 = -5*k - 8. Determine b(k).
0
Let l(p) be the third derivative of p**5/60 - 7*p**4/24 - p**3/3 + 12*p**2. Determine l(5).
-12
Let c(d) = -d**2 + 13*d - 19. Let l be c(11). Let o(f) = -4 + 1 - 2 + f. What is o(l)?
-2
Let r = 71 - 44. Suppose 5*j + 7 = r. Let x(z) be the second derivative of -z**3/3 + z**2/2 + 23*z. Give x(j).
-7
Let n(v) = -v - 3. Let l(q) = -3*q - 9. Let s(g) = 2*l(g) - 7*n(g). Suppose 7*r - 4*r = 3. Let d(w) = -4*w**2 + 1. Let f be d(r). Determine s(f).
0
Let h(a) be the second derivative of a**7/2520 + a**6/120 + a**5/120 - a**4/12 + 2*a. Let p(s) be the third derivative of h(s). Calculate p(-5).
-4
Let g = 215 - 214. Let z(q) = 12*q**2 + 3*q - 1. Let b(l) = -l**2 - l. Let t(f) = -3*b(f) - z(f). Determine t(g).
-8
Suppose n = -4*n + 20. Suppose -3*o = -8*o + n*b + 11, -o - 2*b = -5. Let r(f) = 2 + 2*f - o*f - 1 - f**2 + 0. Give r(2).
-5
Let h(k) be the second derivative of k**6/120 - k**5/20 - k**4/8 - k**3/3 + 5*k**2/2 - 5*k. Let i(a) be the first derivative of h(a). Determine i(4).
2
Suppose -3*g + 4*i + 53 = 0, 3*g + 0*i - 38 = i. Let j = g + -13. Let d(o) = -o + o - o**3. Determine d(j).
8
Suppose 0 = a - 1 - 1. Let k be -3 + -6*(-3)/3. Let q(o) = o**2 - 5*o**3 + 8 + 2*o**k + a*o**3. Calculate q(0).
8
Suppose -3*v - 15 = a - 5*a, -a - v = 5. Suppose -5*j = -2*z + 4, 3*z - 3*j = 2 + 4. Let b(i) = -4*i + a*i + i - 1 + i**z. Calculate b(3).
-1
Let r be 9*(-2 - (-7)/3). Let d(p) = 4*p - 1. Let x be d(1). Let i(u) = -2*u**3 + u**x + 1 + u**2 + 0*u**r. Give i(0).
1
Let g = -20 - -28. Let p = -6 + g. Let u(k) = k - 2*k + 0*k**2 + 1 - k**3 + 2*k**p. Determine u(1).
1
Let l(w) be the first derivative of w**2/2 - 6*w + 2. Suppose 4*i + 2 = -5*c, -3*i = i + 4*c. Suppose -3*g + i*s - 1 = -2*g, -3*g + 3 = -3*s. What is l(g)?
-3
Suppose 0 = -2*p - 2*p. Let k(g) = 3*g - 1. Let x(n) = 5*n - 1. Let w(v) = 7*k(v) - 4*x(v). Determine w(p).
-3
Let f = -6 - -6. Let h(l) be the third derivative of l**4/24 - 8*l**2. What is h(f)?
0
Let i(x) = -17*x + 34. Let c be i(2). Let n(h) be the second derivative of 1/2*h**3 + c + 1/12*h**4 + 3*h**2 - 3*h. Calculate n(-4).
10
Let i(c) = c**2 + 5*c. Suppose 5*h + 29 = -3*j, 7*h - 3*h = -2*j - 22. What is i(h)?
-4
Let q = 7 - 1. Suppose 2*d = -d + q. Let s(k) = -3*k**2 + 6*k**2 - d*k**2. Determine s(0).
0
Let o(q) = 7*q**3 - 5*q**2 - q - 19. Let d(y) = -3*y**3 + 3*y**2 + y + 9. Let n(v) = -5*d(v) - 2*o(v). Calculate n(6).
11
Let f(h) = h. Let w be (4 + 0)/(-2*1). Let t be w + -4 + (5 - 3). Let q be f(t). Let c(u) = -u**2 - 4*u - 2. Determine c(q).
-2
Let x(g) = 5*g**3 + 2*g**2 - 3*g - 4. Let h(p) = p**2 + p**3 - 79 + 79. Let f(t) = 6*h(t) - x(t). Give f(-3).
4
Let l(a) be the first derivative of -a**5/30 - a**4/24 + 4*a**3/3 - 7. Let o(d) be the third derivative of l(d). Determine o(-1).
3
Let t(j) be the first derivative of j**5/12 + j**4/24 + 3*j**2/2 + 1. Let h(p) be the second derivative of t(p). Determine h(-1).
4
Let s(r) = -2*r - 2. Let h(l) = 10*l + 10. Let j(i) = 2*h(i) + 11*s(i). Determine j(2).
-6
Let l(y) = 2*y - 2. Suppose -3*w = -4*s + 9, -s + 2*w - 7*w = -8. Let z be l(s). Let q(j) = -3*j**2 - 3*j + j**3 + 3*j**2 - 3*j**2 - 5. Give q(z).
-1
Let a(v) be the third derivative of -1/3*v**3 + 1/120*v**5 + 0*v + v**2 - 1/6*v**4 + 0. Let j(o) be the first derivative of a(o). Determine j(3).
-1
Let z(m) = -17*m**3 - 7*m**2 - 6*m - 5. Let y(i) = -18*i**3 - 8*i**2 - 7*i - 6. Let f(l) = -2*l + 3. Let s be f(5). Let t(w) = s*z(w) + 6*y(w). Give t(1).
11
Let a(j) = j**2 + 4*j - 3. Let v = 71 - 76. Give a(v).
2
Suppose 0 = -w + 10. Suppose w = 3*y + 2*y. Let v(k) = 5*k**2 + 1 - 5*k**y - 2*k - 2*k**2 + k. Give v(-2).
-5
Let i be (2/4)/((-2)/(-12)). Let c(u) = 2 - u - 6 + i. Calculate c(2).
-3
Let s = 5 - 5. Let z = s + 4. Suppose 4*h + z*o + 12 = 0, h + 2 = -0*h - 2*o. Let l(b) = b**2 + 2*b - 2. Determine l(h).
6
Let o(k) = 5*k - 2. Let c(y) = 2*y**2 + 4. Let r(f) = -2*f**2 - 3. Let a(b) = -3*c(b) - 4*r(b). Let w be a(-1). Determine o(w).
8
Let h be 3 + (6/(-3))/(-1). Suppose -5*x - 11 = h*w - 2*w, 3*w = -x - 7. Let a(o) = -8*o**2 - o. Determine a(